base 8.
1057
Convert 230223 (base 4) to base 11.
216a
Convert 11551 (base 6) to base 3.
2100211
-33 (base 10) to base 7
-45
What is -5b96 (base 16) in base 14?
-878a
Convert -ccc (base 14) to base 4.
-213210
10334 (base 5) to base 6
3155
6437 (base 15) to base 5
1134302
-379 (base 12) to base 13
-315
What is -4575 (base 16) in base 10?
-17781
What is 1184 (base 9) in base 14?
474
Convert -179b (base 13) to base 9.
-4727
What is 928 (base 11) in base 6?
5103
-4820 (base 15) to base 14
-5830
Convert -737 (base 8) to base 6.
-2115
1052 (base 12) to base 14
91c
154ab (base 12) to base 13
10901
-7a3c (base 14) to base 15
-644c
What is 126766 (base 8) in base 9?
67072
What is 3101 (base 5) in base 3?
112212
Convert 2067 (base 9) to base 12.
a67
What is b5 (base 12) in base 3?
12002
Convert -210010 (base 3) to base 10.
-570
123424 (base 5) to base 8
11400
-906 (base 10) to base 2
-1110001010
What is -1188 (base 9) in base 15?
-3e5
-1807 (base 9) to base 14
-70c
110102110 (base 3) to base 10
9057
What is -22636 (base 8) in base 12?
-56a6
1002222202 (base 3) to base 12
1079b
Convert -9557 (base 10) to base 9.
-14088
Convert 11121 (base 7) to base 13.
1380
What is bbc3 (base 14) in base 16?
7eff
What is -1390 (base 13) in base 3?
-10212111
Convert 1101211 (base 3) to base 12.
711
What is -1446 (base 16) in base 2?
-1010001000110
What is -61e0 (base 16) in base 9?
-37330
Convert 90b (base 14) to base 7.
5114
What is 3252 (base 14) in base 2?
10000111111000
Convert 6a8 (base 13) to base 5.
14102
Convert a63 (base 13) to base 11.
1370
11 (base 8) to base 5
14
What is 1434 (base 7) in base 6?
2340
Convert -31002112 (base 4) to base 3.
-2201020201
Convert 101100001000 (base 2) to base 14.
105a
11000010110011 (base 2) to base 16
30b3
What is 212 (base 7) in base 3?
10222
Convert -a891 (base 13) to base 15.
-6e2a
What is 1231114 (base 5) in base 14?
89db
5a4 (base 12) to base 13
4cc
Convert -1c5 (base 15) to base 10.
-410
What is 26056 (base 7) in base 4?
1223311
-144 (base 9) to base 8
-171
What is 34129 (base 12) in base 3?
10112001120
What is -1b4 (base 12) in base 3?
-101101
-4170 (base 8) to base 2
-100001111000
What is -2220002 (base 3) in base 14?
-aa8
1011 (base 6) to base 16
df
What is 143 (base 6) in base 9?
70
What is -13218 (base 11) in base 14?
-6c59
Convert -3b67 (base 12) to base 3.
-100101121
-2c (base 16) to base 2
-101100
What is -603 (base 15) in base 4?
-111021
What is 2166 (base 10) in base 4?
201312
1387 (base 12) to base 3
10002211
10005 (base 6) to base 15
5bb
What is 11111100011 (base 2) in base 6?
13203
Convert 1012 (base 16) to base 14.
16dc
What is -172 (base 13) in base 5?
-2022
Convert -422 (base 5) to base 14.
-80
Convert -10011322 (base 4) to base 5.
-1014022
-653 (base 7) to base 4
-11030
Convert -106 (base 14) to base 16.
-ca
What is -5a3 (base 15) in base 10?
-1278
Convert 3dc (base 14) to base 11.
651
What is -327 (base 8) in base 13?
-137
Convert -253 (base 6) to base 16.
-69
Convert -1a34 (base 14) to base 5.
-123000
What is 4353 (base 6) in base 10?
1005
2626 (base 11) to base 5
102131
98e (base 15) to base 8
4157
21060 (base 9) to base 8
33121
d1e4 (base 15) to base 14
12214
What is 21a68 (base 11) in base 6?
403401
Convert 580 (base 13) to base 9.
1264
What is -49 (base 11) in base 13?
-41
120 (base 4) to base 7
33
Convert -227 (base 15) to base 3.
-200001
What is 74126 (base 10) in base 12?
36a92
-1ed (base 15) to base 14
-240
What is 1006 (base 7) in base 11?
298
What is -42a (base 12) in base 13?
-37c
-12c4 (base 15) to base 16
-fa9
What is -45324 (base 6) in base 5?
-201023
a89 (base 11) to base 4
110123
What is -635 (base 12) in base 6?
-4105
-1101100 (base 3) to base 12
-700
Convert -423044 (base 5) to base 14.
-5229
-19dd (base 16) to base 11
-4a7a
1839 (base 11) to base 4
210211
24423 (base 6) to base 7
13353
What is 13134 (base 5) in base 2?
10000010100
What is 20100 (base 3) in base 16?
ab
Convert 466 (base 9) to base 6.
1440
Convert -351 (base 6) to base 16.
-8b
Convert 316 (base 16) to base 15.
37a
What is -14726 (base 11) in base 2?
-101000101101000
What is 8097 (base 16) in base 5?
2023134
-1543 (base 11) to base 3
-2201110
Convert 5011 (base 7) to base 14.
8b1
What is -25 (base 6) in base 10?
-17
What is -410233 (base 5) in base 3?
-200002122
Convert -11800 (base 9) to base 2.
-1111100000010
-c19 (base 13) to base 2
-100000000010
-3071 (base 10) to base 12
-193b
-543 (base 13) to base 10
-900
3d70 (base 16) to base 11
108a9
Convert -2406 (base 9) to base 4.
-123330
-261b (base 14) to base 6
-50545
Convert 10233 (base 7) to base 2.
100111011011
What is 5 (base 11) in base 12?
5
-21db (base 14) to base 2
-1011011110101
Convert 22002200 (base 3) to base 15.
1b39
What is 10002021 (base 3) in base 11?
1764
75236 (base 8) to base 16
7a9e
-313 (base 6) to base 2
-1110101
Convert 3608 (base 9) to base 15.
bdb
What is -16175 (base 8) in base 9?
-11003
Convert 10000110110 (base 2) to base 4.
100312
Convert 1272a (base 11) to base 2.
100011100000110
What is -2872 (base 10) in base 14?
-1092
What is -1113031 (base 4) in base 8?
-12715
Convert -1313250 (base 6) to base 7.
-420000
Convert -4489 (base 12) to base 8.
-16651
What is 13153 (base 6) in base 2?
11111011101
cc06 (base 16) to base 10
52230
What is 1011 (base 3) in base 14?
23
Convert -218 (base 16) to base 3.
-201212
Convert 1226 (base 9) to base 7.
2445
-4081 (base 12) to base 3
-100121121
What is -1132 (base 12) in base 9?
-2552
What is -2d95 (base 16) in base 11?
-8849
What is -1 (base 16) in base 10?
-1
-1033313 (base 5) to base 12
-a486
Convert -24068 (base 9) to base 6.
-202312
Convert -320220 (base 4) to base 11.
-27a5
92e (base 15) to base 3
2211122
56610 (base 10) to base 4
31310202
Convert 552 (base 16) to base 2.
10101010010
What is -146412 (base 7) in base 2?
-111000000000010
3c7 (base 16) to base 8
1707
Convert 1128 (base 9) to base 5.
11321
131101 (base 4) to base 16
751
What is 385 (base 10) in base 5?
3020
Convert -711a (base 13) to base 9.
-23321
What is -4157 (base 8) in base 2?
-100001101111
-260 (base 13) to base 14
-21a
Convert 2593 (base 10) to base 4.
220201
What is -124340 (base 7) in base 8?
-55164
Convert -57e (base 16) to base 13.
-842
Convert 12110331 (base 4) to base 5.
1312132
What is 465000 (base 7) in base 13?
2bc26
What is -1b03 (base 13) in base 5?
-112214
Convert -d5b (base 15) to base 5.
-44021
-5435 (base 7) to base 4
-132101
What is -2b2 (base 13) in base 11?
-3aa
Convert -32111 (base 5) to base 11.
-1690
Convert 3201103 (base 4) to base 13.
6742
What is 6355 (base 8) in base 10?
3309
2a5 (base 11) to base 16
165
b6a3 (base 15) to base 16
96e4
Convert 245011 (base 7) to base 9.
67574
What is -101000111 (base 2) in base 5?
-2302
What is -6573 (base 16) in base 2?
-110010101110011
Convert -32555 (base 6) to base 13.
-20ab
What is -465 (base 7) in base 2?
-11110011
1220 (base 6) to base 3
102010
Convert -110100000100 (base 2) to base 11.
-255a
19780 (base 13) to base 5
3041441
-85 (base 10) to base 13
-67
Convert -5616 (base 11) to base 5.
-214043
What is 4591 (base 16) in base 9?
26377
Convert 2536 (base 8) to base 11.
103a
33120 (base 6) to base 15
1559
Convert -11100001 (base 2) to base 15.
-100
What is 636 (base 8) in base 13?
25b
Convert 252121 (base 7) to base 15.
db14
Convert 1e3d (base 16) to base 13.
36a6
11010010100 (base 2) to base 15
774
What is 1101102 (base 3) in base 7?
2642
Convert -11131 (base 4) to base 10.
-349
3abd (base 16) to base 5
440122
What is -1503 (base 9) in base 5?
-14022
Convert -3c81 (base 13) to base 3.
-102222010
-72c (base 13) to base 11
-a10
Convert 5d8 (base 16) to base 15.
69b
-110034 (base 5) to base 3
-12011121
Convert -1625 (base 12) to base 16.
-a3d
What is -234 (base 14) in base 13?
-279
22945 (base 11) to base 10
33082
What is -22210 (base 3) in base 16?
-ed
What is bc3 (base 14) in base 12?
141b
Convert 11f (base 16) to base 2.
100011111
Convert 1221022 (base 3) to base 14.
72c
Convert -1140 (base 5) to base 7.
-332
-1a60 (base 15) to base 2
-1011001010011
What is 1380b (base 13) in base 16?
8ea3
Convert -111110001000111 (base 2) to base 6.
-403143
-62e1 (base 15) to base 8
-50657
What is 4879 (base 11) in base 9?
8666
What is 204444 (base 7) in base 16?
898e
51125 (base 9) to